{"id":552,"date":"2017-06-07T09:27:12","date_gmt":"2017-06-07T07:27:12","guid":{"rendered":"https:\/\/info.edu.turku.fi\/katedral\/?page_id=552"},"modified":"2019-02-06T14:28:58","modified_gmt":"2019-02-06T13:28:58","slug":"katedralskoleforeningen","status":"publish","type":"page","link":"https:\/\/info.edu.turku.fi\/katedral\/om-oss\/katedralskoleforeningen\/","title":{"rendered":"Katedralskolef\u00f6reningen"},"content":{"rendered":"<h3 class=\"p1\"><span class=\"s1\">Katedralskolef\u00f6reningen i \u00c5bo<\/span><\/h3>\n<p class=\"p1\"><span class=\"s1\">Katedralskolef\u00f6reningen \u00e4r en f\u00f6rening f\u00f6r personer med avg\u00e5ngsbetyg fr\u00e5n Katedralskolan i \u00c5bo och dess f\u00f6reg\u00e5ngare, Katedralskolans l\u00e4rare samt personer intresserade av skolans historia och av latinet som spr\u00e5k.<br \/>F\u00f6reningens syfte \u00e4r att v\u00e4rna om den nutida Katedralskolans och dess f\u00f6reg\u00e5ngares traditioner. F\u00f6reningen vill f\u00f6r skolans elever och l\u00e4rare ber\u00e4tta om verksamheten under g\u00e5ngna sekel samtidigt som skolan utvecklar sina egna traditioner.<br \/>Ur l\u00f6pande int\u00e4kter, fr\u00e4mst medlemsavgifter inklusive frivilliga till\u00e4gg, reserveras medel f\u00f6r stipendier till framg\u00e5ngsrika elever. Donationer, testamenten och andra g\u00e5vor ger f\u00f6reningen med tiden m\u00f6jligheter att ocks\u00e5 underst\u00f6da elever och \u00e4ven l\u00e4rare f\u00f6r studier i skolans historia och i de klassiska spr\u00e5ken.<\/span><\/p>\n<h4 class=\"p1\"><span class=\"s1\">Stora skoltr\u00e4ffen<\/span><\/h4>\n<p class=\"p1\"><span class=\"s1\">\u00c5rligen ordnas f\u00f6r alla f.d. elever och l\u00e4rare fr\u00e5n \u00c5boskolorna Classicum, H\u00f6rran, Flickis, Samsis och Kattan en skoltr\u00e4ff. Tr\u00e4ffen h\u00e5lls som regel p\u00e5 Bryggerirestaurang Skolan en l\u00f6rdag kv\u00e4ll i mitten av mars. I samband med middagen har f\u00f6reningen bjudit in en g\u00e4st eller en grupp som upptr\u00e4der f\u00f6r deltagarna.<\/span><\/p>\n<p class=\"p1\"><span class=\"s1\">Alla personer med anknytning till v\u00e5ra svenska skolor inbjuds hj\u00e4rtligt oberoende av medlemskap i f\u00f6reningen. Deltagarna f\u00e5r sitta vid bord med j\u00e4mn\u00e5riga, och skoltr\u00e4ffen \u00e4r ett utm\u00e4rkt s\u00e4tt att st\u00e4mma tr\u00e4ff med klasskamrater fr\u00e5n f\u00f6rr.<\/span><\/p>\n<h4 class=\"p1\"><span class=\"s1\">\u00c5rsm\u00f6te<\/span><\/h4>\n<div>Katedralskolef\u00f6reningen i \u00c5bo h\u00e5ller vanligtvis sitt stadgeenliga \u00e5rsm\u00f6te \u00e5rligen i mars. Alla intresserade v\u00e4lkomna!<\/div>\n<div>\u00a0<\/div>\n\n\n<h4 class=\"wp-block-heading\">F\u00f6reningen p\u00e5 facebook<\/h4>\n\n\n\n<p>Katedralskolef\u00f6reningens fb-sida hittar du under namnet Katedralskolef\u00f6reningen i \u00c5bo.<\/p>\n\n\n\n<h4 class=\"wp-block-heading\">Anm\u00e4lan som ny medlem<\/h4>\n\n\n\n<p>Via facebook kan du kontakta Katedralskolef\u00f6reningen f\u00f6r att bli medlem. Medlemsavgiften \u00e4r 20 euro om \u00e5ret. Medlemmar under 28 \u00e5r, studerande samt medlemmar som fyllt 65 \u00e5r under p\u00e5g\u00e5ende \u00e5r eller tidigare betalar halv medlemsavgift. Halv medlemsavgift betalas \u00e4ven av ny medlem under det f\u00f6rsta \u00e5ret. <\/p>\n","protected":false},"excerpt":{"rendered":"<p>Katedralskolef\u00f6reningen i \u00c5bo Katedralskolef\u00f6reningen \u00e4r en f\u00f6rening f\u00f6r personer med avg\u00e5ngsbetyg fr\u00e5n Katedralskolan i \u00c5bo och dess f\u00f6reg\u00e5ngare, Katedralskolans l\u00e4rare samt personer intresserade av skolans historia och av latinet som spr\u00e5k.F\u00f6reningens syfte \u00e4r att v\u00e4rna om den nutida Katedralskolans och <a href=\"https:\/\/info.edu.turku.fi\/katedral\/om-oss\/katedralskoleforeningen\/\" class=\"read-more\">L\u00e4s mera &#8230;<\/a><\/p>\n","protected":false},"author":1,"featured_media":0,"parent":17,"menu_order":0,"comment_status":"closed","ping_status":"closed","template":"","meta":{"footnotes":""},"_links":{"self":[{"href":"https:\/\/info.edu.turku.fi\/katedral\/wp-json\/wp\/v2\/pages\/552"}],"collection":[{"href":"https:\/\/info.edu.turku.fi\/katedral\/wp-json\/wp\/v2\/pages"}],"about":[{"href":"https:\/\/info.edu.turku.fi\/katedral\/wp-json\/wp\/v2\/types\/page"}],"author":[{"embeddable":true,"href":"https:\/\/info.edu.turku.fi\/katedral\/wp-json\/wp\/v2\/users\/1"}],"replies":[{"embeddable":true,"href":"https:\/\/info.edu.turku.fi\/katedral\/wp-json\/wp\/v2\/comments?post=552"}],"version-history":[{"count":8,"href":"https:\/\/info.edu.turku.fi\/katedral\/wp-json\/wp\/v2\/pages\/552\/revisions"}],"predecessor-version":[{"id":1510,"href":"https:\/\/info.edu.turku.fi\/katedral\/wp-json\/wp\/v2\/pages\/552\/revisions\/1510"}],"up":[{"embeddable":true,"href":"https:\/\/info.edu.turku.fi\/katedral\/wp-json\/wp\/v2\/pages\/17"}],"wp:attachment":[{"href":"https:\/\/info.edu.turku.fi\/katedral\/wp-json\/wp\/v2\/media?parent=552"}],"curies":[{"name":"wp","href":"https:\/\/api.w.org\/{rel}","templated":true}]}}