{"id":4804,"date":"2025-08-12T14:28:51","date_gmt":"2025-08-12T12:28:51","guid":{"rendered":"https:\/\/info.edu.turku.fi\/katedral\/?page_id=4804"},"modified":"2025-08-12T14:32:54","modified_gmt":"2025-08-12T12:32:54","slug":"antimobbningsplan","status":"publish","type":"page","link":"https:\/\/info.edu.turku.fi\/katedral\/antimobbningsplan\/","title":{"rendered":"Antimobbningsplan och krisplan"},"content":{"rendered":"\n<p>Utdrag (KAP 5) ur gymnasieutbildningens studerandev\u00e5rdsplan<\/p>\n\n\n\n<h3 class=\"wp-block-heading\"><strong>Planer f\u00f6r hur de studerande ska skyddas mot v\u00e5ld, mobbning och trakasserier samt<br>krisplanen<\/strong><\/h3>\n\n\n\n<ol start=\"5\">\n<li><\/li>\n<\/ol>\n\n\n\n<p>Den studerande har r\u00e4tt till en trygg studiemilj\u00f6, vilket inneb\u00e4r fysisk, psykisk, social och pedagogisk<br>trygghet (gymnasielagen 714\/2018 40 \u00a7). S\u00e4kerst\u00e4llandet av tryggheten f\u00f6ruts\u00e4tter att utbildningsanordnaren systematiskt utvecklar verksamhetskulturen, den gemensamma beredningen och skapandet av<br>nya f\u00f6rfaringss\u00e4tt i l\u00e4roanstaltens enheter. Utbildningsanordnaren introducerar personalen och<br>experterna inom studerandev\u00e5rdstj\u00e4nsterna till f\u00f6rfaringss\u00e4tt i olika problemsituationer samt sk\u00f6ter om<br>att informera om planerna och uppdatera dem.<\/p>\n\n\n\n<p><strong>5.a.) Planer f\u00f6r att skydda de studerande mot v\u00e5ld, mobbning och trakasserier<\/strong>\u202f<\/p>\n\n\n\n<ul>\n<li>I utbildningsanordnarens elev- och studerandev\u00e5rdsplan beskrivs separat \u00e5tg\u00e4rder f\u00f6r att<br>f\u00f6rebygga v\u00e5ld, mobbning och trakasserier, \u00e5tg\u00e4rder f\u00f6r att f\u00f6lja upp deras f\u00f6rekomst samt<br>praxis f\u00f6r att ingripa och g\u00f6ra uppf\u00f6ljnings\u00e5tg\u00e4rder.<\/li>\n\n\n\n<li>I planen beskrivs skolans l\u00e4rares eller rektors plikt att meddela om trakasserier, mobbning,<br>diskriminering eller v\u00e5ld som skett i studiemilj\u00f6n eller under skolv\u00e4gen och som kommit till<br>hans eller hennes k\u00e4nnedom till v\u00e5rdnadshavaren eller n\u00e5gon annan laglig f\u00f6retr\u00e4dare f\u00f6r<br>den elev som misst\u00e4nks f\u00f6r detta och f\u00f6r den elev som utsatts f\u00f6r detta (gymnasielagen<br>714\/2018 40 \u00a7, \u00e4ndrad med lag 165\/2022).\u202f\u202f<\/li>\n\n\n\n<li>D\u00e4rtill beskrivs de verksamhetss\u00e4tt med vilka man h\u00e4nvisar den studerande som st\u00f6dbehovet g\u00e4ller (den studerande som varit offer samt den studerande som utf\u00f6rt g\u00e4rningen) till studerandev\u00e5rdstj\u00e4nsterna.<\/li>\n\n\n\n<li>En beskrivning av samarbetet med v\u00e5rdnadshavarna samt myndighetssamarbetet inklusive<br>f\u00f6rfaringss\u00e4tt som g\u00e4ller anm\u00e4lningsskyldighet till socialv\u00e5rden och\/eller polisen ing\u00e5r i planerna (lagen om elev- och studerandev\u00e5rd 1287\/2013 23 \u00a7, barnskyddslagen 471\/2007 25 \u00a7<br>och socialv\u00e5rdslagen 1301\/2014 35 \u00a7)<\/li>\n<\/ul>\n\n\n\n<p>Enligt gymnasielagen har den studerande r\u00e4tt till en trygg studiemilj\u00f6 (gymnasielagen 40 \u00a7).<br>Fr\u00e4mjandet av s\u00e4kerhet och v\u00e4lbefinnande \u00e4r en del av gymnasiets verksamhetskultur. Varje studerande<br>har r\u00e4tt till gott bem\u00f6tande och ingen ska bli bem\u00f6tt p\u00e5 ett osakligt s\u00e4tt. Med osakligt bem\u00f6tande avses<br>\u00e5terkommande, s\u00e5rande och oftast avsiktligt beteende. I en trygg studiemilj\u00f6 kan den studerande koncentrera sig p\u00e5 studierna utan r\u00e4dsla f\u00f6r mobbning, trakasserier, diskriminering eller v\u00e5ld. Varje studerande k\u00e4nner sig accepterad som hen \u00e4r och v\u00e5gar f\u00f6ra fram sina egna \u00e5sikter.<\/p>\n\n\n\n<p><strong>Mobbningen<\/strong> \u00e4r avsiktlig, upprepad och l\u00e5ngvarig, men det \u00e4r viktigt att notera att \u00e4ven en enda handling eller h\u00e4ndelse kan vara skadlig och orsaka r\u00e4dsla f\u00f6r att bli mobbad hos den som uts\u00e4tts. D\u00e4rf\u00f6r \u00e4r<br>det viktigt att man omedelbart ingriper i varje handling som \u00e4r mobbning. Mobbning \u00e4r situationer d\u00e4r<br>man sk\u00e4ller ut, h\u00e5nar, knuffar, tar n\u00e5gons saker, fryser ut, isolerar, sprider elaka rykten och talar illa om<br>n\u00e5gon. Ocks\u00e5 sexuella trakasserier och trakasserier p\u00e5 n\u00e4tet \u00e4r mobbning.<\/p>\n\n\n\n<p><strong>Som trakasserier<\/strong> definieras en situation d\u00e4r man exempelvis skapar en atmosf\u00e4r som \u00e4r f\u00f6rnedrande,<br>f\u00f6r\u00f6dmjukande, hotfull, fientlig eller aggressiv och har koppling till sexuell l\u00e4ggning, ursprung, funktionsneds\u00e4ttning eller n\u00e5gon annan diskrimineringsgrund som f\u00f6reskrivs i lagen om j\u00e4mst\u00e4lldhet mellan kvinnor och m\u00e4n eller diskrimineringslagen. Trakasserier kan ta sig uttryck i osakliga antydningar och kr\u00e4nkande bem\u00f6tande i ord eller handling. Trakasserier kan ut\u00f6ver skrivna och talade ord och uttryck vara publicering av material som kr\u00e4nker m\u00e4nniskov\u00e4rdet p\u00e5 n\u00e4tet eller i sociala medier.<\/p>\n\n\n\n<p><strong>Diskriminering<\/strong> inneb\u00e4r att man behandlar en person eller m\u00e4nniskogrupp p\u00e5 ett annat s\u00e4tt j\u00e4mf\u00f6rt med<br>andra i samma situation. Det kan ta formen av nedv\u00e4rdering, underskattning, utsk\u00e4llning och utfrysning<br>fr\u00e5n gruppen. I diskrimineringslagen f\u00f6rbjuds diskriminering p\u00e5 grund av: \u00e5lder, ursprung, nationalitet,<br>spr\u00e5k, religion, \u00f6vertygelse, \u00e5sikt, politisk verksamhet, fackf\u00f6reningsverksamhet, familjef\u00f6rh\u00e5llanden,<br>h\u00e4lsotillst\u00e5nd, funktionsneds\u00e4ttning, sexuell l\u00e4ggning eller annan omst\u00e4ndighet som g\u00e4ller den enskilda<br>som person. I j\u00e4mst\u00e4lldhetslagen f\u00f6rbjuds diskriminering p\u00e5 grund av k\u00f6n, k\u00f6nsidentitet och k\u00f6nsuttryck. B\u00e5da lagarna f\u00f6rbjuder \u00e4ven trakasserier p\u00e5 dessa grunder.\u202f<\/p>\n\n\n\n<p><strong>V\u00e5ld<\/strong> \u00e4r avsiktligt ut\u00f6vande av makt, kontroll eller fysisk styrka, eller hot om v\u00e5ld s\u00e5 att det riktar sig mot<br>en annan m\u00e4nniska eller m\u00e4nniskogrupp och leder eller kan leda till att en skada uppst\u00e5r, utvecklingen<br>st\u00f6rs, de grundl\u00e4ggande behoven inte tillgodoses eller att personen d\u00f6r. V\u00e5ld kan vara fysiskt v\u00e5ld, psykiskt v\u00e5ld eller sexuellt v\u00e5ld.<\/p>\n\n\n\n<p>Alla anst\u00e4llda vid gymnasiet ska handla ansvarsfullt f\u00f6r att f\u00f6rebygga mobbning och osakligt bem\u00f6tande.<br>Mobbningsfall som uppdagas behandlas separat p\u00e5 det s\u00e4tt som gymnasiet fastst\u00e4llt. I varje gymnasium<br>utses en person att ansvara f\u00f6r utredningen av mobbnings- och trakasserifall. M\u00e5let \u00e4r nolltolerans. I<br>arbetet betonas f\u00f6rebyggande verksamhet genom att st\u00f6da gemenskap.\u202f\u202f<br>Till den studerandes plikter h\u00f6r att upptr\u00e4da sakligt. Den studerande f\u00e5r inte mobba eller diskriminera<br>andra och hen ska undvika att agera p\u00e5 ett s\u00e4tt som \u00e4ventyrar andra studerandes, gemenskapens eller<br>studiemilj\u00f6ns h\u00e4lsa och s\u00e4kerhet.<br>Mobbning, trakasserier, diskriminering och v\u00e5ld \u00e4r entydigt f\u00f6rbjudna i studiemilj\u00f6er.\u202f<br>Den studerande och l\u00e4roanstaltens personal f\u00e5r inte mobba eller diskriminera n\u00e5gon eller \u00e4ventyra andras s\u00e4kerhet eller h\u00e4lsa.<\/p>\n\n\n\n<h3 class=\"wp-block-heading\">Verksamhetsmodellen<\/h3>\n\n\n\n<p>Studerande<\/p>\n\n\n\n<ul>\n<li>Ber\u00e4tta till din mobbare eller den person som trakasserar dig att hens handlingar g\u00f6r dig<br>obekv\u00e4m och be hen sluta.<\/li>\n\n\n\n<li>Om mobbningen, trakasserierna, diskrimineringen eller v\u00e5ldet inte upph\u00f6r ska du ta kontakt med din grupphandledare eller n\u00e5gon annan person som h\u00f6r till personalen och be den<br>ingripa.<\/li>\n\n\n\n<li>Om personen som mobbar eller trakasserar \u00e4r en l\u00e4rare, ska du ta kontakt med rektorn eller\/och den bitr\u00e4dande rektorn.<\/li>\n\n\n\n<li>Ju mer konkret du kan ber\u00e4tta om det som h\u00e4nt, desto l\u00e4ttare \u00e4r det att ingripa.<\/li>\n<\/ul>\n\n\n\n<p>Den person eller grupp som ansvarar f\u00f6r utredningen av mobbnings- och trakasserifall<\/p>\n\n\n\n<ul>\n<li>Inleder utredningen av fallet.\u202f\u202f<\/li>\n\n\n\n<li>Meddelar vid behov den mobbade studerandens grupphandledare om saken.\u202f<\/li>\n\n\n\n<li>Meddelar utan dr\u00f6jsm\u00e5l om saken till v\u00e5rdnadshavarna f\u00f6r studerande som \u00e4r under 18<br>\u00e5r.\u202f<\/li>\n\n\n\n<li>Tar vid behov kontakt med gymnasiekuratorn.<\/li>\n\n\n\n<li>H\u00e4nvisar parterna till studerandev\u00e5rdens tj\u00e4nster.\u202f<\/li>\n\n\n\n<li>Om mobbaren h\u00f6r till skolans personal f\u00f6rs saken vidare till hens n\u00e4rmaste chef f\u00f6r behandling<\/li>\n<\/ul>\n\n\n\n<p>Utredningen framskrider i faser<\/p>\n\n\n\n<ul>\n<li>Uppgifter samlas in, diskussioner f\u00f6rs med den mobbade och en plan f\u00f6r utredning av situationen uppg\u00f6rs.<\/li>\n\n\n\n<li>Diskussioner med mobbaren\/mobbarna (separat).<\/li>\n\n\n\n<li>F\u00f6r att f\u00e5 en helhetsbild av situationen h\u00e5lls vid behov diskussioner med andra studerande.<\/li>\n\n\n\n<li>Man kommer \u00f6verens om att f\u00e5 slut p\u00e5 mobbningen\/trakasserierna (alla tillsammans med<br>den mobbades samtycke).<\/li>\n\n\n\n<li>En minder\u00e5rig studerandes v\u00e5rdnadshavare underr\u00e4ttas om saken.<\/li>\n\n\n\n<li>Situationen f\u00f6ljs upp och de l\u00e4rare som undervisar parterna informeras vid behov om saken f\u00f6r att s\u00e4kerst\u00e4lla att situationen f\u00f6ljs upp.<\/li>\n\n\n\n<li>Efter att en rimlig tid g\u00e5tt diskuterar den som ansvarar f\u00f6r utredningen h\u00e4ndelserna p\u00e5<br>nytt med den mobbade.<\/li>\n\n\n\n<li>I allvarliga mobbnings- och trakasserifall kontaktas polisen.<\/li>\n\n\n\n<li>Vid behov kan man inom grupphandledningen ordna l\u00e4rotimmar f\u00f6r att f\u00f6rb\u00e4ttra gruppandan eller annan motsvarande verksamhet.<\/li>\n\n\n\n<li>\u00c5tg\u00e4rderna antecknas, den som ansvarar f\u00f6r utredningen dokumenterar anteckningarna<br>och l\u00e4mnar dem till rektorn f\u00f6r f\u00f6rvaring.<\/li>\n<\/ul>\n\n\n\n<p><\/p>\n\n\n\n<p><\/p>\n","protected":false},"excerpt":{"rendered":"<p>Utdrag (KAP 5) ur gymnasieutbildningens studerandev\u00e5rdsplan Planer f\u00f6r hur de studerande ska skyddas mot v\u00e5ld, mobbning och trakasserier samtkrisplanen Den studerande har r\u00e4tt till en trygg studiemilj\u00f6, vilket inneb\u00e4r fysisk, psykisk, social och pedagogisktrygghet (gymnasielagen 714\/2018 40 \u00a7). S\u00e4kerst\u00e4llandet av <a href=\"https:\/\/info.edu.turku.fi\/katedral\/antimobbningsplan\/\" class=\"read-more\">L\u00e4s mera &#8230;<\/a><\/p>\n","protected":false},"author":1,"featured_media":0,"parent":0,"menu_order":0,"comment_status":"closed","ping_status":"closed","template":"","meta":{"footnotes":""},"_links":{"self":[{"href":"https:\/\/info.edu.turku.fi\/katedral\/wp-json\/wp\/v2\/pages\/4804"}],"collection":[{"href":"https:\/\/info.edu.turku.fi\/katedral\/wp-json\/wp\/v2\/pages"}],"about":[{"href":"https:\/\/info.edu.turku.fi\/katedral\/wp-json\/wp\/v2\/types\/page"}],"author":[{"embeddable":true,"href":"https:\/\/info.edu.turku.fi\/katedral\/wp-json\/wp\/v2\/users\/1"}],"replies":[{"embeddable":true,"href":"https:\/\/info.edu.turku.fi\/katedral\/wp-json\/wp\/v2\/comments?post=4804"}],"version-history":[{"count":6,"href":"https:\/\/info.edu.turku.fi\/katedral\/wp-json\/wp\/v2\/pages\/4804\/revisions"}],"predecessor-version":[{"id":4812,"href":"https:\/\/info.edu.turku.fi\/katedral\/wp-json\/wp\/v2\/pages\/4804\/revisions\/4812"}],"wp:attachment":[{"href":"https:\/\/info.edu.turku.fi\/katedral\/wp-json\/wp\/v2\/media?parent=4804"}],"curies":[{"name":"wp","href":"https:\/\/api.w.org\/{rel}","templated":true}]}}

<p>Utdrag (KAP 5) ur gymnasieutbildningens studerandevårdsplan</p>



<h3 class="wp-block-heading"><strong>Planer för hur de studerande ska skyddas mot våld, mobbning och trakasserier samt<br>krisplanen</strong></h3>



<ol start="5">
<li></li>
</ol>



<p>Den studerande har rätt till en trygg studiemiljö, vilket innebär fysisk, psykisk, social och pedagogisk<br>trygghet (gymnasielagen 714/2018 40 §). Säkerställandet av tryggheten förutsätter att utbildningsanordnaren systematiskt utvecklar verksamhetskulturen, den gemensamma beredningen och skapandet av<br>nya förfaringssätt i läroanstaltens enheter. Utbildningsanordnaren introducerar personalen och<br>experterna inom studerandevårdstjänsterna till förfaringssätt i olika problemsituationer samt sköter om<br>att informera om planerna och uppdatera dem.</p>



<p><strong>5.a.) Planer för att skydda de studerande mot våld, mobbning och trakasserier</strong> </p>



<ul>
<li>I utbildningsanordnarens elev- och studerandevårdsplan beskrivs separat åtgärder för att<br>förebygga våld, mobbning och trakasserier, åtgärder för att följa upp deras förekomst samt<br>praxis för att ingripa och göra uppföljningsåtgärder.</li>



<li>I planen beskrivs skolans lärares eller rektors plikt att meddela om trakasserier, mobbning,<br>diskriminering eller våld som skett i studiemiljön eller under skolvägen och som kommit till<br>hans eller hennes kännedom till vårdnadshavaren eller någon annan laglig företrädare för<br>den elev som misstänks för detta och för den elev som utsatts för detta (gymnasielagen<br>714/2018 40 §, ändrad med lag 165/2022).  </li>



<li>Därtill beskrivs de verksamhetssätt med vilka man hänvisar den studerande som stödbehovet gäller (den studerande som varit offer samt den studerande som utfört gärningen) till studerandevårdstjänsterna.</li>



<li>En beskrivning av samarbetet med vårdnadshavarna samt myndighetssamarbetet inklusive<br>förfaringssätt som gäller anmälningsskyldighet till socialvården och/eller polisen ingår i planerna (lagen om elev- och studerandevård 1287/2013 23 §, barnskyddslagen 471/2007 25 §<br>och socialvårdslagen 1301/2014 35 §)</li>
</ul>



<p>Enligt gymnasielagen har den studerande rätt till en trygg studiemiljö (gymnasielagen 40 §).<br>Främjandet av säkerhet och välbefinnande är en del av gymnasiets verksamhetskultur. Varje studerande<br>har rätt till gott bemötande och ingen ska bli bemött på ett osakligt sätt. Med osakligt bemötande avses<br>återkommande, sårande och oftast avsiktligt beteende. I en trygg studiemiljö kan den studerande koncentrera sig på studierna utan rädsla för mobbning, trakasserier, diskriminering eller våld. Varje studerande känner sig accepterad som hen är och vågar föra fram sina egna åsikter.</p>



<p><strong>Mobbningen</strong> är avsiktlig, upprepad och långvarig, men det är viktigt att notera att även en enda handling eller händelse kan vara skadlig och orsaka rädsla för att bli mobbad hos den som utsätts. Därför är<br>det viktigt att man omedelbart ingriper i varje handling som är mobbning. Mobbning är situationer där<br>man skäller ut, hånar, knuffar, tar någons saker, fryser ut, isolerar, sprider elaka rykten och talar illa om<br>någon. Också sexuella trakasserier och trakasserier på nätet är mobbning.</p>



<p><strong>Som trakasserier</strong> definieras en situation där man exempelvis skapar en atmosfär som är förnedrande,<br>förödmjukande, hotfull, fientlig eller aggressiv och har koppling till sexuell läggning, ursprung, funktionsnedsättning eller någon annan diskrimineringsgrund som föreskrivs i lagen om jämställdhet mellan kvinnor och män eller diskrimineringslagen. Trakasserier kan ta sig uttryck i osakliga antydningar och kränkande bemötande i ord eller handling. Trakasserier kan utöver skrivna och talade ord och uttryck vara publicering av material som kränker människovärdet på nätet eller i sociala medier.</p>



<p><strong>Diskriminering</strong> innebär att man behandlar en person eller människogrupp på ett annat sätt jämfört med<br>andra i samma situation. Det kan ta formen av nedvärdering, underskattning, utskällning och utfrysning<br>från gruppen. I diskrimineringslagen förbjuds diskriminering på grund av: ålder, ursprung, nationalitet,<br>språk, religion, övertygelse, åsikt, politisk verksamhet, fackföreningsverksamhet, familjeförhållanden,<br>hälsotillstånd, funktionsnedsättning, sexuell läggning eller annan omständighet som gäller den enskilda<br>som person. I jämställdhetslagen förbjuds diskriminering på grund av kön, könsidentitet och könsuttryck. Båda lagarna förbjuder även trakasserier på dessa grunder. </p>



<p><strong>Våld</strong> är avsiktligt utövande av makt, kontroll eller fysisk styrka, eller hot om våld så att det riktar sig mot<br>en annan människa eller människogrupp och leder eller kan leda till att en skada uppstår, utvecklingen<br>störs, de grundläggande behoven inte tillgodoses eller att personen dör. Våld kan vara fysiskt våld, psykiskt våld eller sexuellt våld.</p>



<p>Alla anställda vid gymnasiet ska handla ansvarsfullt för att förebygga mobbning och osakligt bemötande.<br>Mobbningsfall som uppdagas behandlas separat på det sätt som gymnasiet fastställt. I varje gymnasium<br>utses en person att ansvara för utredningen av mobbnings- och trakasserifall. Målet är nolltolerans. I<br>arbetet betonas förebyggande verksamhet genom att stöda gemenskap.  <br>Till den studerandes plikter hör att uppträda sakligt. Den studerande får inte mobba eller diskriminera<br>andra och hen ska undvika att agera på ett sätt som äventyrar andra studerandes, gemenskapens eller<br>studiemiljöns hälsa och säkerhet.<br>Mobbning, trakasserier, diskriminering och våld är entydigt förbjudna i studiemiljöer. <br>Den studerande och läroanstaltens personal får inte mobba eller diskriminera någon eller äventyra andras säkerhet eller hälsa.</p>



<h3 class="wp-block-heading">Verksamhetsmodellen</h3>



<p>Studerande</p>



<ul>
<li>Berätta till din mobbare eller den person som trakasserar dig att hens handlingar gör dig<br>obekväm och be hen sluta.</li>



<li>Om mobbningen, trakasserierna, diskrimineringen eller våldet inte upphör ska du ta kontakt med din grupphandledare eller någon annan person som hör till personalen och be den<br>ingripa.</li>



<li>Om personen som mobbar eller trakasserar är en lärare, ska du ta kontakt med rektorn eller/och den biträdande rektorn.</li>



<li>Ju mer konkret du kan berätta om det som hänt, desto lättare är det att ingripa.</li>
</ul>



<p>Den person eller grupp som ansvarar för utredningen av mobbnings- och trakasserifall</p>



<ul>
<li>Inleder utredningen av fallet.  </li>



<li>Meddelar vid behov den mobbade studerandens grupphandledare om saken. </li>



<li>Meddelar utan dröjsmål om saken till vårdnadshavarna för studerande som är under 18<br>år. </li>



<li>Tar vid behov kontakt med gymnasiekuratorn.</li>



<li>Hänvisar parterna till studerandevårdens tjänster. </li>



<li>Om mobbaren hör till skolans personal förs saken vidare till hens närmaste chef för behandling</li>
</ul>



<p>Utredningen framskrider i faser</p>



<ul>
<li>Uppgifter samlas in, diskussioner förs med den mobbade och en plan för utredning av situationen uppgörs.</li>



<li>Diskussioner med mobbaren/mobbarna (separat).</li>



<li>För att få en helhetsbild av situationen hålls vid behov diskussioner med andra studerande.</li>



<li>Man kommer överens om att få slut på mobbningen/trakasserierna (alla tillsammans med<br>den mobbades samtycke).</li>



<li>En minderårig studerandes vårdnadshavare underrättas om saken.</li>



<li>Situationen följs upp och de lärare som undervisar parterna informeras vid behov om saken för att säkerställa att situationen följs upp.</li>



<li>Efter att en rimlig tid gått diskuterar den som ansvarar för utredningen händelserna på<br>nytt med den mobbade.</li>



<li>I allvarliga mobbnings- och trakasserifall kontaktas polisen.</li>



<li>Vid behov kan man inom grupphandledningen ordna lärotimmar för att förbättra gruppandan eller annan motsvarande verksamhet.</li>



<li>Åtgärderna antecknas, den som ansvarar för utredningen dokumenterar anteckningarna<br>och lämnar dem till rektorn för förvaring.</li>
</ul>



<p></p>



<p></p>

<p>Utdrag (KAP 5) ur gymnasieutbildningens studerandevårdsplan Planer för hur de studerande ska skyddas mot våld, mobbning och trakasserier samtkrisplanen Den studerande har rätt till en trygg studiemiljö, vilket innebär fysisk, psykisk, social och pedagogisktrygghet (gymnasielagen 714/2018 40 §). Säkerställandet av <a href="https://info.edu.turku.fi/katedral/antimobbningsplan/" class="read-more">Läs mera &#8230;</a></p>
