{"id":4697,"date":"2025-04-02T12:19:19","date_gmt":"2025-04-02T10:19:19","guid":{"rendered":"https:\/\/info.edu.turku.fi\/katedral\/?page_id=4697"},"modified":"2025-04-02T13:13:54","modified_gmt":"2025-04-02T11:13:54","slug":"framtidsdagen","status":"publish","type":"page","link":"https:\/\/info.edu.turku.fi\/katedral\/framtidsdagen\/","title":{"rendered":"Framtidsdagen"},"content":{"rendered":"\n<p>Framtidsdagen h\u00f6r till Katedralskolans \u00e5rligen \u00e5terkommande traditioner i syfte att jobba f\u00f6r en h\u00e5llbar framtid, ge studerande f\u00e4rdigheter f\u00f6r framtiden och hj\u00e4lpa dem att utveckla ett positivt framtidsperspektiv. Den internationella framtidsdagen firas f\u00f6rsta fredagen i mars. Framtidsdagens teman anknyter till en h\u00e5llbar framtid och hur vi genom v\u00e5ra val och g\u00e4rningar kan p\u00e5verka allas v\u00e5r framtid.<\/p>\n\n\n\n<figure class=\"wp-block-image size-large is-resized\"><img decoding=\"async\" loading=\"lazy\" width=\"1024\" height=\"666\" src=\"https:\/\/info.edu.turku.fi\/katedral\/wp-content\/uploads\/2025\/04\/0276-1024x666.jpg\" alt=\"Ungdomar lyssnar p\u00e5 f\u00f6rel\u00e4sare i en stor sal\" class=\"wp-image-4707\" style=\"aspect-ratio:1.5375375375375375;width:675px;height:auto\" srcset=\"https:\/\/info.edu.turku.fi\/katedral\/wp-content\/uploads\/2025\/04\/0276-1024x666.jpg 1024w, https:\/\/info.edu.turku.fi\/katedral\/wp-content\/uploads\/2025\/04\/0276-300x195.jpg 300w, https:\/\/info.edu.turku.fi\/katedral\/wp-content\/uploads\/2025\/04\/0276-768x499.jpg 768w, https:\/\/info.edu.turku.fi\/katedral\/wp-content\/uploads\/2025\/04\/0276-1536x998.jpg 1536w, https:\/\/info.edu.turku.fi\/katedral\/wp-content\/uploads\/2025\/04\/0276-360x234.jpg 360w, https:\/\/info.edu.turku.fi\/katedral\/wp-content\/uploads\/2025\/04\/0276.jpg 1800w\" sizes=\"(max-width: 1024px) 100vw, 1024px\" \/><\/figure>\n\n\n\n<p class=\"has-small-font-size\">Framtidsdagen 2023, Janina Andersson gav oss receptet p\u00e5 lycka<\/p>\n\n\n\n<h2 class=\"wp-block-heading has-text-color\" style=\"color:#537d97\">2025 Tema &#8211; Fred &nbsp;<\/h2>\n\n\n\n<p>Hur kan vi genom aktiva handlingar jobba f\u00f6r en b\u00e4ttre framtid?&nbsp;<br>F\u00f6rel\u00e4sningar och inspirat\u00f6rer: <br>Karavanen till Ukraina, Magnus Londen&nbsp;<br>Futures Literacy x Game Design, PhD Researcher Martyn Richards&nbsp;<\/p>\n\n\n\n<p><strong>Arbete i framtidsverkst\u00e4der<\/strong><\/p>\n\n\n\n<ul>\n<li>Designa ett spelkoncept utg\u00e5ende fr\u00e5n f\u00f6r dig viktiga framtidsfr\u00e5gest\u00e4llningar&nbsp;<\/li>\n<\/ul>\n\n\n\n<p class=\"has-vivid-cyan-blue-color has-text-color\">L\u00e4s mera om framtidsdagen 2025<\/p>\n\n\n\n<figure class=\"wp-block-embed is-type-wp-embed is-provider-katedralskolan-i-abo wp-block-embed-katedralskolan-i-abo\"><div class=\"wp-block-embed__wrapper\">\n<blockquote class=\"wp-embedded-content\" data-secret=\"QMWSItUfC9\"><a href=\"https:\/\/info.edu.turku.fi\/katedral\/2025\/03\/06\/framtidsdagen-en-dag-fylld-av-inspiration-och-innovation\/\">Framtidsdagen \u2013  inspiration och innovation<\/a><\/blockquote><iframe class=\"wp-embedded-content\" sandbox=\"allow-scripts\" security=\"restricted\" style=\"position: absolute; clip: rect(1px, 1px, 1px, 1px);\" title=\"\u201dFramtidsdagen \u2013  inspiration och innovation\u201d &ndash; KATEDRALSKOLAN\u00a0I\u00a0\u00c5BO\" src=\"https:\/\/info.edu.turku.fi\/katedral\/2025\/03\/06\/framtidsdagen-en-dag-fylld-av-inspiration-och-innovation\/embed\/#?secret=obydvcL56L#?secret=QMWSItUfC9\" data-secret=\"QMWSItUfC9\" width=\"600\" height=\"338\" frameborder=\"0\" marginwidth=\"0\" marginheight=\"0\" scrolling=\"no\"><\/iframe>\n<\/div><\/figure>\n\n\n\n<h2 class=\"wp-block-heading has-text-color\" style=\"color:#537d97\">2024 Tema &#8211; AI&nbsp;<\/h2>\n\n\n\n<p>Vad \u00e4r framtidst\u00e4nkande, hur kan man t\u00e4nka kring framtiden? \u200b&nbsp;<br>F\u00f6rel\u00e4sningar och inspirat\u00f6rer:<br>Heidi Enbacka,\u202fProjektchef, Framtidslabbet\u200b&nbsp;<\/p>\n\n\n\n<p>Teknologi, AI och geopolitik\u200b&nbsp;<br>Stefan Lindstr\u00f6m, ambassad\u00f6r f\u00f6r digitalisering och nya\u202fteknologier UM&nbsp;<\/p>\n\n\n\n<p>Hur kan AI anv\u00e4ndas f\u00f6r att hj\u00e4lpa andra, och kan AI anv\u00e4ndas p\u00e5 ett bra s\u00e4tt inom studierna??\u200b&nbsp;<br>Frida Hartman, civilingenj\u00f6r, mjukvaruutvecklare&nbsp;<\/p>\n\n\n\n<p><strong>Arbete i framtidsverkst\u00e4der&nbsp;<\/strong><\/p>\n\n\n\n<ul>\n<li>Arbete med framtidshjulet: Fundera p\u00e5 hur AI kan p\u00e5verka livet efter gymnasiet.\u200b&nbsp;<\/li>\n\n\n\n<li>Hur tror du att AI kan p\u00e5verka jobbm\u00f6jligheter, utbildning och vardagsliv?&nbsp;<\/li>\n\n\n\n<li>Skapa en positiv framtidsnyhet som handlar om AI utg\u00e5ende fr\u00e5n de\u202fid\u00e9er man \u202fvill\u202flyfta\u202ffram \u202fi framtidshjulet&nbsp;<\/li>\n<\/ul>\n\n\n\n<p class=\"has-vivid-cyan-blue-color has-text-color\">L\u00e4s mera om framtidsdagen 2024<\/p>\n\n\n\n<figure class=\"wp-block-embed is-type-wp-embed is-provider-katedralskolan-i-abo wp-block-embed-katedralskolan-i-abo\"><div class=\"wp-block-embed__wrapper\">\n<blockquote class=\"wp-embedded-content\" data-secret=\"QO2puTguFe\"><a href=\"https:\/\/info.edu.turku.fi\/katedral\/2024\/03\/07\/framtidsdagen-2024\/\">Framtidsdagen 2024<\/a><\/blockquote><iframe class=\"wp-embedded-content\" sandbox=\"allow-scripts\" security=\"restricted\" style=\"position: absolute; clip: rect(1px, 1px, 1px, 1px);\" title=\"\u201dFramtidsdagen 2024\u201d &ndash; KATEDRALSKOLAN\u00a0I\u00a0\u00c5BO\" src=\"https:\/\/info.edu.turku.fi\/katedral\/2024\/03\/07\/framtidsdagen-2024\/embed\/#?secret=utor0UBvc6#?secret=QO2puTguFe\" data-secret=\"QO2puTguFe\" width=\"600\" height=\"338\" frameborder=\"0\" marginwidth=\"0\" marginheight=\"0\" scrolling=\"no\"><\/iframe>\n<\/div><\/figure>\n\n\n\n<h2 class=\"wp-block-heading has-text-color\" style=\"color:#537d97\">2023 Tema &#8211; J\u00e4mlikhet&nbsp;<\/h2>\n\n\n\n<p>Vem drar upp riktlinjerna f\u00f6r din framtid?&nbsp;<\/p>\n\n\n\n<p>USA &#8211; klyftan mellan vackra ideal och krass verklighet Ville Hupa, journalist&nbsp;<\/p>\n\n\n\n<p>Lycklighet, Janina Andersson, verksamhetsledare MML&nbsp;&nbsp;<\/p>\n\n\n\n<p><strong>Arbete i framtidsverkst\u00e4der<\/strong><\/p>\n\n\n\n<ul>\n<li>Skapa ett gemensamt framtidscenario utg\u00e5ende fr\u00e5n era visioner om ett j\u00e4mlikt och r\u00e4ttvist \u00f6nskesamh\u00e4lle.&nbsp;<\/li>\n\n\n\n<li>Framtidsscenarierna visualiseras i form av kollage&nbsp;<\/li>\n<\/ul>\n\n\n\n<p class=\"has-vivid-cyan-blue-color has-text-color\">L\u00e4s mera om framtidsdagen 2023<\/p>\n\n\n\n<figure class=\"wp-block-embed is-type-wp-embed is-provider-katedralskolan-i-abo wp-block-embed-katedralskolan-i-abo\"><div class=\"wp-block-embed__wrapper\">\n<blockquote class=\"wp-embedded-content\" data-secret=\"e7ihTRcn8i\"><a href=\"https:\/\/info.edu.turku.fi\/katedral\/2023\/03\/03\/framtidsdagen-2\/\">Framtidsdagen<\/a><\/blockquote><iframe class=\"wp-embedded-content\" sandbox=\"allow-scripts\" security=\"restricted\" style=\"position: absolute; clip: rect(1px, 1px, 1px, 1px);\" title=\"\u201dFramtidsdagen\u201d &ndash; KATEDRALSKOLAN\u00a0I\u00a0\u00c5BO\" src=\"https:\/\/info.edu.turku.fi\/katedral\/2023\/03\/03\/framtidsdagen-2\/embed\/#?secret=OTihJcmgVm#?secret=e7ihTRcn8i\" data-secret=\"e7ihTRcn8i\" width=\"600\" height=\"338\" frameborder=\"0\" marginwidth=\"0\" marginheight=\"0\" scrolling=\"no\"><\/iframe>\n<\/div><\/figure>\n\n\n\n<h2 class=\"wp-block-heading has-text-color\" style=\"color:#537d97\">2022 Tema &#8211; Cirkul\u00e4r ekonomi&nbsp;<\/h2>\n\n\n\n<p>Varf\u00f6r beh\u00f6ver jag bry mig?&nbsp;<\/p>\n\n\n\n<p>The World After Coronavirus: The Future of the Green economy, Sandrine Dixson-Decl\u00e8ve, Club of Rome&nbsp;<\/p>\n\n\n\n<p>Cirkul\u00e4r ekonomi och klimatansvar fr\u00e5n globala f\u00f6retags synvinkel,&nbsp; &nbsp;<br>Klaus Kotka Country Manager for Apple&nbsp;<\/p>\n\n\n\n<p>Cirkul\u00e4r ekonomi och jag, PM Annina Kainu, \u00c5bo Akademi&nbsp;<\/p>\n\n\n\n<p><strong>Arbete i framtidsverkst\u00e4der<\/strong>&nbsp;<\/p>\n\n\n\n<ul>\n<li>Fundera p\u00e5 hur cirkul\u00e4r ekonomi kommer att p\u00e5verka din\/v\u00e5r framtid&nbsp;&nbsp;&nbsp;<\/li>\n\n\n\n<li>Arbetss\u00e4tt Framtidshjulet, slutprodukt TikTok-video&nbsp;<\/li>\n<\/ul>\n\n\n\n<p class=\"has-vivid-cyan-blue-color has-text-color\">L\u00e4s mera om framtidsdagen 2022<\/p>\n\n\n\n<figure class=\"wp-block-embed is-type-wp-embed is-provider-katedralskolan-i-abo wp-block-embed-katedralskolan-i-abo\"><div class=\"wp-block-embed__wrapper\">\n<blockquote class=\"wp-embedded-content\" data-secret=\"Yn35YyVVWp\"><a href=\"https:\/\/info.edu.turku.fi\/katedral\/2022\/03\/04\/framtidsdagen-4-3\/\">Framtidsdagen 4.3<\/a><\/blockquote><iframe class=\"wp-embedded-content\" sandbox=\"allow-scripts\" security=\"restricted\" style=\"position: absolute; clip: rect(1px, 1px, 1px, 1px);\" title=\"\u201dFramtidsdagen 4.3\u201d &ndash; KATEDRALSKOLAN\u00a0I\u00a0\u00c5BO\" src=\"https:\/\/info.edu.turku.fi\/katedral\/2022\/03\/04\/framtidsdagen-4-3\/embed\/#?secret=bI8a9ZJrH7#?secret=Yn35YyVVWp\" data-secret=\"Yn35YyVVWp\" width=\"600\" height=\"338\" frameborder=\"0\" marginwidth=\"0\" marginheight=\"0\" scrolling=\"no\"><\/iframe>\n<\/div><\/figure>\n\n\n\n<h2 class=\"wp-block-heading has-text-color\" style=\"color:#537d97\">2021 Tema &#8211; Teknik och teknologi&nbsp;<\/h2>\n\n\n\n<p>Vem drar upp riktlinjerna f\u00f6r din framtid?&nbsp;<\/p>\n\n\n\n<p>Nygamla knep f\u00f6r att l\u00f6sa m\u00e4nsklighetens energiproblem, Marcus Rosenlund, vetenskapsredakt\u00f6r&nbsp;<\/p>\n\n\n\n<p>Arbetets sp\u00e4nnande framtid med robotar, Cristina Andersson, specialist inom AI, robotik och innovationsrelaterade fr\u00e5gor, tillsammans med sonen Nicholas, expert p\u00e5 robotik&nbsp;<\/p>\n\n\n\n<p><strong>Framtidsverkst\u00e4der<\/strong><\/p>\n\n\n\n<ul>\n<li>Framtidshjulet<\/li>\n<\/ul>\n\n\n\n<p class=\"has-vivid-cyan-blue-color has-text-color\">L\u00e4s mera om framtidsdagen 2021<\/p>\n\n\n\n<figure class=\"wp-block-embed is-type-wp-embed is-provider-katedralskolan-i-abo wp-block-embed-katedralskolan-i-abo\"><div class=\"wp-block-embed__wrapper\">\n<blockquote class=\"wp-embedded-content\" data-secret=\"R0luQg31yQ\"><a href=\"https:\/\/info.edu.turku.fi\/katedral\/2021\/03\/05\/framtidsdagen-i-kattan\/\">Framtidsdagen i Kattan<\/a><\/blockquote><iframe class=\"wp-embedded-content\" sandbox=\"allow-scripts\" security=\"restricted\" style=\"position: absolute; clip: rect(1px, 1px, 1px, 1px);\" title=\"\u201dFramtidsdagen i Kattan\u201d &ndash; KATEDRALSKOLAN\u00a0I\u00a0\u00c5BO\" src=\"https:\/\/info.edu.turku.fi\/katedral\/2021\/03\/05\/framtidsdagen-i-kattan\/embed\/#?secret=HnevKgl3jC#?secret=R0luQg31yQ\" data-secret=\"R0luQg31yQ\" width=\"600\" height=\"338\" frameborder=\"0\" marginwidth=\"0\" marginheight=\"0\" scrolling=\"no\"><\/iframe>\n<\/div><\/figure>\n\n\n\n<h2 class=\"wp-block-heading has-text-color\" style=\"color:#537d97\">2020 Arbetslivskompetenser&nbsp;<\/h2>\n\n\n\n<p>Vilka kunskaper och f\u00e4rdigheter kommer jag som studerande att beh\u00f6va i framtiden?&nbsp;<\/p>\n\n\n\n<p>Hur trender kan p\u00e5verka arbetslivet och d\u00e4rmed vilka kompetenser som beh\u00f6vs i framtiden. Thomas Westerholm, Director, Laboratory of business Disruption Research&nbsp;<\/p>\n\n\n\n<p>V\u00e4rderingar &#8211; hur p\u00e5verkar de oss? Bi Puranen, Institutet f\u00f6r framtidsstudier i Stockholm, Generalsekreterare vid World Values Survey&nbsp;<\/p>\n\n\n\n<p><strong>Framtidsverkst\u00e4der<\/strong><\/p>\n\n\n\n<ul>\n<li>Skapa framtidsprofiler, fundera kring din egen profil med kompetenser, styrkor och v\u00e4rderingar.<\/li>\n\n\n\n<li>Framtidsprofilerna sammanst\u00e4lls i en kort video, en dr\u00f6mkarta eller en presentation.<\/li>\n<\/ul>\n\n\n\n<p><\/p>\n\n\n\n<h2 class=\"wp-block-heading has-text-color\" style=\"color:#537d97\">2019 Hur kan du skapa dina framtider&nbsp;<\/h2>\n\n\n\n<p>Professor John Eriksson, \u00c5bo Akademi&nbsp;<\/p>\n\n\n\n<p>Stefan Wallin, ordf\u00f6rande f\u00f6r Riksdagens framtidsutskott&nbsp;<\/p>\n\n\n\n<p><strong>Framtidsverkst\u00e4der<\/strong><\/p>\n\n\n\n<ul>\n<li>Arbete med framtidshjulet med utg\u00e5ngspunkt i fr\u00e5gest\u00e4llningen &#8211;&nbsp;&nbsp;Hur kan jag skapa mina framtider och hur kan Kattan utvecklas f\u00f6r att st\u00f6da mig, s\u00e5 att jag kan v\u00e4xa till den jag vill bli 2030\u2026&nbsp;<\/li>\n<\/ul>\n\n\n\n<p class=\"has-vivid-cyan-blue-color has-text-color\">L\u00e4s mera om framtidsdagen 2019<\/p>\n\n\n\n<figure class=\"wp-block-embed is-type-wp-embed is-provider-katedralskolan-i-abo wp-block-embed-katedralskolan-i-abo\"><div class=\"wp-block-embed__wrapper\">\n<blockquote class=\"wp-embedded-content\" data-secret=\"Uavi22ZUDK\"><a href=\"https:\/\/info.edu.turku.fi\/katedral\/2019\/03\/04\/framtidsfredag\/\">Framtidsfredag<\/a><\/blockquote><iframe class=\"wp-embedded-content\" sandbox=\"allow-scripts\" security=\"restricted\" style=\"position: absolute; clip: rect(1px, 1px, 1px, 1px);\" title=\"\u201dFramtidsfredag\u201d &ndash; KATEDRALSKOLAN\u00a0I\u00a0\u00c5BO\" src=\"https:\/\/info.edu.turku.fi\/katedral\/2019\/03\/04\/framtidsfredag\/embed\/#?secret=OqU13Qw3vx#?secret=Uavi22ZUDK\" data-secret=\"Uavi22ZUDK\" width=\"600\" height=\"338\" frameborder=\"0\" marginwidth=\"0\" marginheight=\"0\" scrolling=\"no\"><\/iframe>\n<\/div><\/figure>\n","protected":false},"excerpt":{"rendered":"<p>Framtidsdagen h\u00f6r till Katedralskolans \u00e5rligen \u00e5terkommande traditioner i syfte att jobba f\u00f6r en h\u00e5llbar framtid, ge studerande f\u00e4rdigheter f\u00f6r framtiden och hj\u00e4lpa dem att utveckla ett positivt framtidsperspektiv. Den internationella framtidsdagen firas f\u00f6rsta fredagen i mars. Framtidsdagens teman anknyter till <a href=\"https:\/\/info.edu.turku.fi\/katedral\/framtidsdagen\/\" class=\"read-more\">L\u00e4s mera &#8230;<\/a><\/p>\n","protected":false},"author":1,"featured_media":0,"parent":0,"menu_order":0,"comment_status":"closed","ping_status":"closed","template":"","meta":{"footnotes":""},"_links":{"self":[{"href":"https:\/\/info.edu.turku.fi\/katedral\/wp-json\/wp\/v2\/pages\/4697"}],"collection":[{"href":"https:\/\/info.edu.turku.fi\/katedral\/wp-json\/wp\/v2\/pages"}],"about":[{"href":"https:\/\/info.edu.turku.fi\/katedral\/wp-json\/wp\/v2\/types\/page"}],"author":[{"embeddable":true,"href":"https:\/\/info.edu.turku.fi\/katedral\/wp-json\/wp\/v2\/users\/1"}],"replies":[{"embeddable":true,"href":"https:\/\/info.edu.turku.fi\/katedral\/wp-json\/wp\/v2\/comments?post=4697"}],"version-history":[{"count":13,"href":"https:\/\/info.edu.turku.fi\/katedral\/wp-json\/wp\/v2\/pages\/4697\/revisions"}],"predecessor-version":[{"id":4716,"href":"https:\/\/info.edu.turku.fi\/katedral\/wp-json\/wp\/v2\/pages\/4697\/revisions\/4716"}],"wp:attachment":[{"href":"https:\/\/info.edu.turku.fi\/katedral\/wp-json\/wp\/v2\/media?parent=4697"}],"curies":[{"name":"wp","href":"https:\/\/api.w.org\/{rel}","templated":true}]}}