{"id":3879,"date":"2023-09-18T14:19:52","date_gmt":"2023-09-18T12:19:52","guid":{"rendered":"https:\/\/info.edu.turku.fi\/katedral\/?page_id=3879"},"modified":"2025-08-12T14:30:01","modified_gmt":"2025-08-12T12:30:01","slug":"handlingsplaner","status":"publish","type":"page","link":"https:\/\/info.edu.turku.fi\/katedral\/handlingsplaner\/","title":{"rendered":"Handlingsplaner"},"content":{"rendered":"\n<p>H\u00e4r kan du bekanta dig med handlingsplaner och styrdokument som vi f\u00f6ljer i v\u00e5r verksamhet.<\/p>\n\n\n\n<ul>\n<li><a href=\"https:\/\/info.edu.turku.fi\/katedral\/jamstalldhets-och-likabehandlingsplan-for-katedralskolan-i-abo-2023-2025\/\" data-type=\"page\" data-id=\"3558\">J\u00e4mst\u00e4lldhets- och likabehandlingsplan f\u00f6r Katedralskolan i \u00c5bo 2023-2025<\/a><\/li>\n\n\n\n<li><a href=\"https:\/\/info.edu.turku.fi\/katedral\/ordningsregler\/\" data-type=\"page\" data-id=\"3884\">Ordningsregler f\u00f6r gymnasierna i \u00c5bo 2023<\/a><\/li>\n\n\n\n<li><a href=\"https:\/\/info.edu.turku.fi\/katedral\/disciplinara-atgarder-och-tillhorande-forfaringssatt\/\" data-type=\"page\" data-id=\"3992\">\u00c5bogymnasiernas plan och anvisningar om anv\u00e4ndningen av disciplin\u00e4ra \u00e5tg\u00e4rder och tillh\u00f6rande f\u00f6rfaringss\u00e4tt<\/a><\/li>\n\n\n\n<li><a href=\"https:\/\/info.edu.turku.fi\/katedral\/antimobbningsplan\/\" data-type=\"link\" data-id=\"https:\/\/info.edu.turku.fi\/katedral\/antimobbningsplan\/\">Gymnasieutbildningens antimobbningsplan<\/a><\/li>\n<\/ul>\n\n\n\n<figure class=\"wp-block-image size-large is-resized\"><img decoding=\"async\" loading=\"lazy\" width=\"800\" height=\"427\" src=\"https:\/\/info.edu.turku.fi\/katedral\/wp-content\/uploads\/2023\/09\/0366.jpg\" alt=\"\" class=\"wp-image-3889\" style=\"width:400px;height:214px\" srcset=\"https:\/\/info.edu.turku.fi\/katedral\/wp-content\/uploads\/2023\/09\/0366.jpg 800w, https:\/\/info.edu.turku.fi\/katedral\/wp-content\/uploads\/2023\/09\/0366-300x160.jpg 300w, https:\/\/info.edu.turku.fi\/katedral\/wp-content\/uploads\/2023\/09\/0366-768x410.jpg 768w, https:\/\/info.edu.turku.fi\/katedral\/wp-content\/uploads\/2023\/09\/0366-360x192.jpg 360w\" sizes=\"(max-width: 800px) 100vw, 800px\" \/><\/figure>\n","protected":false},"excerpt":{"rendered":"<p>H\u00e4r kan du bekanta dig med handlingsplaner och styrdokument som vi f\u00f6ljer i v\u00e5r verksamhet.<\/p>\n","protected":false},"author":1,"featured_media":0,"parent":0,"menu_order":0,"comment_status":"closed","ping_status":"closed","template":"","meta":{"footnotes":""},"_links":{"self":[{"href":"https:\/\/info.edu.turku.fi\/katedral\/wp-json\/wp\/v2\/pages\/3879"}],"collection":[{"href":"https:\/\/info.edu.turku.fi\/katedral\/wp-json\/wp\/v2\/pages"}],"about":[{"href":"https:\/\/info.edu.turku.fi\/katedral\/wp-json\/wp\/v2\/types\/page"}],"author":[{"embeddable":true,"href":"https:\/\/info.edu.turku.fi\/katedral\/wp-json\/wp\/v2\/users\/1"}],"replies":[{"embeddable":true,"href":"https:\/\/info.edu.turku.fi\/katedral\/wp-json\/wp\/v2\/comments?post=3879"}],"version-history":[{"count":10,"href":"https:\/\/info.edu.turku.fi\/katedral\/wp-json\/wp\/v2\/pages\/3879\/revisions"}],"predecessor-version":[{"id":4810,"href":"https:\/\/info.edu.turku.fi\/katedral\/wp-json\/wp\/v2\/pages\/3879\/revisions\/4810"}],"wp:attachment":[{"href":"https:\/\/info.edu.turku.fi\/katedral\/wp-json\/wp\/v2\/media?parent=3879"}],"curies":[{"name":"wp","href":"https:\/\/api.w.org\/{rel}","templated":true}]}}