{"id":2448,"date":"2021-01-19T14:42:23","date_gmt":"2021-01-19T13:42:23","guid":{"rendered":"https:\/\/info.edu.turku.fi\/katedral\/?page_id=2448"},"modified":"2022-01-31T13:57:24","modified_gmt":"2022-01-31T12:57:24","slug":"modersmal-och-litteratur-det-andra-inhemska-spraket-och-frammande-sprak","status":"publish","type":"page","link":"https:\/\/info.edu.turku.fi\/katedral\/ansokan\/information-om-amnesvisa-studier\/modersmal-och-litteratur-det-andra-inhemska-spraket-och-frammande-sprak\/","title":{"rendered":"Modersm\u00e5l och litteratur, det andra inhemska spr\u00e5ket och fr\u00e4mmande spr\u00e5k"},"content":{"rendered":"\n<h2 class=\"wp-block-heading\">Modersm\u00e5l och litteratur<\/h2>\n\n\n\n<p>Under ditt f\u00f6rsta \u00e5r i Katedralskolan g\u00e5r du sammanlagt tre obligatoriska studieavsnitt, och ut\u00f6ver det kan du om du vill delta i Kattans bokcirkel, ett  studieavsnitt f\u00f6r dig som vill l\u00e4sa mer och diskutera l\u00e4sningen med andra.<br>Det f\u00f6rsta studieavsnittet \u00e4r 4 sp till sin omfattning och g\u00e5r \u00f6ver tv\u00e5 perioder. D\u00e4r l\u00e4r du dig de grundl\u00e4ggande f\u00e4rdigheterna du beh\u00f6ver i \u00e4mnet modersm\u00e5l och litteratur i gymnasiet. Fokus ligger p\u00e5 olika textgenrer, spr\u00e5kvetenskapens grunder samt grundl\u00e4ggande kommunikationsf\u00e4rdigheter. Under studieavsnittet l\u00e4ser du en novellsamling samt en roman.<br>Det andra studieavsnittet \u00e4r 2 sp till sin omfattning. Den fokuserar p\u00e5 tolkning och analys av sk\u00f6nlitteratur. Under studieavsnittet l\u00e4ser du en diktsamling samt ett teatermanuskript.<br>Det tredje studieavsnittet \u00e4r ett samarbete med ett real\u00e4mne, eventuellt biologi. 1 sp kommer fr\u00e5n \u00e4mnet modersm\u00e5l och 1 sp fr\u00e5n real\u00e4mnet. Kursen fokuserar p\u00e5 muntliga f\u00e4rdigheter som att presentera inf\u00f6r publik och uttrycka sig konstruktivt i gruppsituationer. Under studieavsnittet l\u00e4ser du en faktabok.<\/p>\n\n\n\n<h2 class=\"wp-block-heading\">Finska, det andra inhemska spr\u00e5ket<\/h2>\n\n\n\n<p>I Katedralskolan erbjuds undervisning i finska p\u00e5 tv\u00e5 niv\u00e5er: enligt den modersm\u00e5lsinriktade l\u00e4rokursen och A-l\u00e4rokursen. Du f\u00e5r sj\u00e4lv v\u00e4lja niv\u00e5 och vilken du ska v\u00e4lja beror p\u00e5 dina kunskaper i finska. Om du \u00e4r tveksam och inte vet vilken du ska v\u00e4lja kan du senare byta niv\u00e5 f\u00f6r studieavsnitten \u00e4r uppbyggda kring samma teman i b\u00e5da l\u00e4rokurserna. B\u00e5de FINA- och FIM-grupperna skriver dessutom samma studentprov.<\/p>\n\n\n\n<p>Vi rekommenderar att du avl\u00e4gger de tre f\u00f6rsta studieavsnitten det f\u00f6rsta \u00e5ret:<br>FINA1\/FIM1 Studief\u00e4rdigheter och spr\u00e5klig identitet (1 sp)<br>Den studerande blir van vid spr\u00e5kstudier p\u00e5 gymnasieniv\u00e5, d\u00e4r finskan anv\u00e4nds s\u00e5 mycket som m\u00f6jligt och hens studief\u00e4rdigheter och spr\u00e5kliga identitet utvecklas samt f\u00e4rdigheter i sj\u00e4lvv\u00e4rdering och kamratrespons. En personlig spr\u00e5kprofil utarbetas.<br>FINA2\/FIM2 Milj\u00f6 och kommunikation (3 sp)<br>Att utveckla de egna kommunikativa f\u00e4rdigheterna, till\u00e4mpa spr\u00e5ket i aktiviteter och situationer i vardagen och n\u00e4rmilj\u00f6n. Att f\u00f6rdjupa sig i sj\u00e4lva skrivprocessen och att kunna agera etiskt i olika milj\u00f6er och sociala sammanhang.<br>FINA3\/FIM3 H\u00e5llbar framtid och vetenskap (2 sp)<br>Att f\u00f6rdjupa sina f\u00e4rdigheter i att analysera och tolka olika typer av texter och i att s\u00f6ka och kritiskt granska information. Hitta svar eller l\u00f6sningar p\u00e5 problem g\u00e4llande framtidens utmaningar, b\u00e5de individuellt och i grupp, att l\u00e4ra sig argumentera samt f\u00f6rdjupa sina f\u00e4rdigheter i att agera milj\u00f6medvetet.<\/p>\n\n\n\n<h2 class=\"wp-block-heading\">Engelska, A-l\u00e4rokurs<\/h2>\n\n\n\n<p>Kort beskrivning av m\u00e5l och metoder<br>Katedralskolan erbjuder nio studieavsnitt i engelska och sex av dessa \u00e4r obligatoriska. Under det f\u00f6rsta studie\u00e5ret avl\u00e4ggs tre obligatoriska studieavsnitt.<br>Det absolut viktigaste m\u00e5let i samtliga ENA-studieavsnitt \u00e4r att studerande ut\u00f6kar sin vokabul\u00e4r och under loppet av tre \u00e5r l\u00e4r sig producera formell akademisk engelska med ett sofistikerat ordf\u00f6rr\u00e5d.<br>Samtliga ENA-studieavsnitt har en m\u00e5ngsidig bed\u00f6mning d\u00e4r kursvitsordet grundar sig p\u00e5 b\u00e5de muntliga och skriftliga prestationer.<br>Arbetsmetoderna \u00e4r varierande. Grammatiken f\u00f6rklaras inledningsvis utf\u00f6rligt f\u00f6r hela gruppen. \u00d6vningarna, vars syfte \u00e4r att f\u00f6rankra kunskapen, utf\u00f6rs sedan individuellt, parvis eller i sm\u00e5 grupper. Texter och kommunikativa \u00f6vningar utg\u00f6r en stor del av inneh\u00e5llet och dessa behandlas allt som oftast i sm\u00e5 grupper.<br>En av de genomg\u00e5ende principerna i ENA-studieavsnitten \u00e4r att uppgifter utf\u00f6rs effektivt under lektionstid, vilket inneb\u00e4r att l\u00e4xor s\u00e4llan f\u00f6rekommer. Dessutom \u00e4r det viktigt att en glad och v\u00e4nlig st\u00e4mning uppr\u00e4tth\u00e5lls under lektionerna, eftersom gl\u00e4dje och humor befr\u00e4mjar inl\u00e4rning!<br><\/p>\n\n\n\n<h2 class=\"wp-block-heading\">B2- och B3-spr\u00e5k: tyska och franska<\/h2>\n\n\n\n<figure class=\"wp-block-image size-large is-style-default\"><img decoding=\"async\" loading=\"lazy\" width=\"1024\" height=\"703\" src=\"https:\/\/info.edu.turku.fi\/katedral\/wp-content\/uploads\/2021\/01\/20190115_200341_1-1024x703.jpg\" alt=\"\" class=\"wp-image-2553\" srcset=\"https:\/\/info.edu.turku.fi\/katedral\/wp-content\/uploads\/2021\/01\/20190115_200341_1-1024x703.jpg 1024w, https:\/\/info.edu.turku.fi\/katedral\/wp-content\/uploads\/2021\/01\/20190115_200341_1-300x206.jpg 300w, https:\/\/info.edu.turku.fi\/katedral\/wp-content\/uploads\/2021\/01\/20190115_200341_1-768x528.jpg 768w, https:\/\/info.edu.turku.fi\/katedral\/wp-content\/uploads\/2021\/01\/20190115_200341_1-1536x1055.jpg 1536w, https:\/\/info.edu.turku.fi\/katedral\/wp-content\/uploads\/2021\/01\/20190115_200341_1-2048x1407.jpg 2048w, https:\/\/info.edu.turku.fi\/katedral\/wp-content\/uploads\/2021\/01\/20190115_200341_1-360x247.jpg 360w\" sizes=\"(max-width: 1024px) 100vw, 1024px\" \/><\/figure>\n\n\n\n<p>Du kan forts\u00e4tta dina redan p\u00e5b\u00f6rjade spr\u00e5kstudier eller b\u00f6rja med ett f\u00f6r dig nytt spr\u00e5k!<br>Studieavsnitt f\u00f6rsta \u00e5ret:<br>Om du forts\u00e4tter med ett spr\u00e5k som du b\u00f6rjat l\u00e4sa i den grundl\u00e4ggande utbildningen l\u00e4ser du B2-l\u00e4rokursen. Under det f\u00f6rsta \u00e5ret ska du v\u00e4lja studieavsnitten B2.1 och B2.2. Du hoppar p\u00e5 i samma grupp som de som l\u00e4ser studieavsnittet B3.3.<br>Om du vill b\u00f6rja med ett spr\u00e5k som du aldrig l\u00e4st tidigare l\u00e4ser du B3-l\u00e4rokursen. Under det f\u00f6rsta \u00e5ret ska du v\u00e4lja studieavsnitten B3.1, B3.2, B3.3 och B3.4. Efter de tv\u00e5 f\u00f6rsta studieavsnitten sl\u00e5s gruppen ihop med B2-gruppen.<br>Inneh\u00e5ll:<br>I studieavsnitten B3.1 och B3.2 l\u00e4r du dig grunderna i spr\u00e5ket.Studieavsnittet B2.1\/B3.3 \u00e4r repetition fr\u00e5n tidigare. Studieavsnittet B2.2\/B3.4 handlar om l\u00e4nderna d\u00e4r man talar spr\u00e5ket i fr\u00e5ga och om Finland.<\/p>\n\n\n\n<p>FAQ &#8211; Ofta st\u00e4llda fr\u00e5gor om extra spr\u00e5k:<br>\u2022 Kan man l\u00e4sa ett extra spr\u00e5k d\u00e5 man ocks\u00e5 t\u00e4nkt l\u00e4sa l\u00e5ng matematik?<br>o Ja, det \u00e4r vanligt att de som l\u00e4ser ett extra spr\u00e5k ocks\u00e5 l\u00e4ser l\u00e5ng matematik. Vi har ocks\u00e5 studerande som l\u00e4ser l\u00e5ng matematik, plus all fysik och kemi och ett extra spr\u00e5k.<br>\u2022 Kan man b\u00f6rja fr\u00e5n b\u00f6rjan med ett spr\u00e5k som man redan haft i grundskolan?<br>o Det f\u00f6rsta studieavsnittet i B2-l\u00e4rokursen \u00e4r repetition och i regel r\u00e4cker det med att b\u00f6rja d\u00e4r. Men om du av n\u00e5gon anledning skulle vilja repetera mer, \u00e4r du v\u00e4lkommen till studieavsnittet B3.2.<br>\u2022 M\u00e5ste man v\u00e4lja alla studieavsnitt om man b\u00f6rjar med ett nytt spr\u00e5k?<br>o Nej, inget av studieavsnitten \u00e4r obligatoriskt, s\u00e5 det g\u00e5r ocks\u00e5 bra att t.ex. bara v\u00e4lja studieavsnitt B3.1 och B3.2 om man vill l\u00e4ra sig grunderna i ett nytt spr\u00e5k. Men det kan vara klokare att v\u00e4lja alla fyra studieavsnitt fr\u00e5n b\u00f6rjan, eftersom det \u00e4r l\u00e4ttare att ta bort studieavsnitt i efterhand \u00e4n att l\u00e4gga till.<br>o Vi har ocks\u00e5 varje \u00e5r studerande som l\u00e4ser studieavsnitten B3.1 och B3.2. i ett nytt spr\u00e5k, medan de v\u00e4ntar p\u00e5 att B2-studieavsnitten i ett annat spr\u00e5k, som de l\u00e4st tidigare, ska b\u00f6rja.<br>\u2022 Kan man l\u00e4sa andra spr\u00e5k \u00e4n tyska och franska?<br>o Ja, du kan avl\u00e4gga studieavsnitt i spanska (B2 och B3), italienska (B3), ryska (B3) och latin (B3) i n\u00e5got\/n\u00e5gra av de finskspr\u00e5kiga gymnasierna i \u00c5bo.<br>Om du har fr\u00e5gor g\u00e4llande undervisningen i extra spr\u00e5k, kan du g\u00e4rna kontakta mig per e-post:benita.lindstrom[at]edu.turku.fi<br>V\u00c4LKOMMEN att l\u00e4sa spr\u00e5k! WILLKOMMEN! BIENVENUE !<\/p>\n","protected":false},"excerpt":{"rendered":"<p>Modersm\u00e5l och litteratur Under ditt f\u00f6rsta \u00e5r i Katedralskolan g\u00e5r du sammanlagt tre obligatoriska studieavsnitt, och ut\u00f6ver det kan du om du vill delta i Kattans bokcirkel, ett studieavsnitt f\u00f6r dig som vill l\u00e4sa mer och diskutera l\u00e4sningen med andra.Det <a href=\"https:\/\/info.edu.turku.fi\/katedral\/ansokan\/information-om-amnesvisa-studier\/modersmal-och-litteratur-det-andra-inhemska-spraket-och-frammande-sprak\/\" class=\"read-more\">L\u00e4s mera &#8230;<\/a><\/p>\n","protected":false},"author":1,"featured_media":0,"parent":2444,"menu_order":1,"comment_status":"closed","ping_status":"closed","template":"","meta":{"footnotes":""},"_links":{"self":[{"href":"https:\/\/info.edu.turku.fi\/katedral\/wp-json\/wp\/v2\/pages\/2448"}],"collection":[{"href":"https:\/\/info.edu.turku.fi\/katedral\/wp-json\/wp\/v2\/pages"}],"about":[{"href":"https:\/\/info.edu.turku.fi\/katedral\/wp-json\/wp\/v2\/types\/page"}],"author":[{"embeddable":true,"href":"https:\/\/info.edu.turku.fi\/katedral\/wp-json\/wp\/v2\/users\/1"}],"replies":[{"embeddable":true,"href":"https:\/\/info.edu.turku.fi\/katedral\/wp-json\/wp\/v2\/comments?post=2448"}],"version-history":[{"count":9,"href":"https:\/\/info.edu.turku.fi\/katedral\/wp-json\/wp\/v2\/pages\/2448\/revisions"}],"predecessor-version":[{"id":3057,"href":"https:\/\/info.edu.turku.fi\/katedral\/wp-json\/wp\/v2\/pages\/2448\/revisions\/3057"}],"up":[{"embeddable":true,"href":"https:\/\/info.edu.turku.fi\/katedral\/wp-json\/wp\/v2\/pages\/2444"}],"wp:attachment":[{"href":"https:\/\/info.edu.turku.fi\/katedral\/wp-json\/wp\/v2\/media?parent=2448"}],"curies":[{"name":"wp","href":"https:\/\/api.w.org\/{rel}","templated":true}]}}