{"id":20,"date":"2017-02-22T12:41:40","date_gmt":"2017-02-22T11:41:40","guid":{"rendered":"https:\/\/info.edu.turku.fi\/katedral\/?page_id=20"},"modified":"2024-08-08T12:03:08","modified_gmt":"2024-08-08T10:03:08","slug":"en-hemsides-sektion","status":"publish","type":"page","link":"https:\/\/info.edu.turku.fi\/katedral\/en-hemsides-sektion\/","title":{"rendered":"Studier"},"content":{"rendered":"<p>P\u00e5 de h\u00e4r sidorna hittar du information om \u00e4mnesval, bed\u00f6mning, studentexamen, n\u00e4rvaro och fr\u00e5nvaroregler samt l\u00e4nkar till sidor med information om olika st\u00f6dfunktioner.<\/p>\n\n<div class=\"wp-block-image is-resized\">\n<figure class=\"aligncenter size-large\"><a href=\"https:\/\/info.edu.turku.fi\/katedral\/wp-content\/uploads\/2023\/11\/Katedralskolan-i-Abo.pdf\"><img decoding=\"async\" loading=\"lazy\" width=\"300\" height=\"328\" src=\"https:\/\/info.edu.turku.fi\/katedral\/wp-content\/uploads\/2021\/01\/glp2021.jpg\" alt=\"en person som talar till ungdomar\" class=\"wp-image-2427\" srcset=\"https:\/\/info.edu.turku.fi\/katedral\/wp-content\/uploads\/2021\/01\/glp2021.jpg 300w, https:\/\/info.edu.turku.fi\/katedral\/wp-content\/uploads\/2021\/01\/glp2021-274x300.jpg 274w, https:\/\/info.edu.turku.fi\/katedral\/wp-content\/uploads\/2021\/01\/glp2021-247x270.jpg 247w\" sizes=\"(max-width: 300px) 100vw, 300px\" \/><\/a><figcaption class=\"wp-element-caption\"><a href=\"https:\/\/info.edu.turku.fi\/katedral\/wp-content\/uploads\/2023\/11\/Katedralskolan-i-Abo.pdf\"><strong><em>GLP<\/em><\/strong> <strong><em>2021<\/em><\/strong><\/a><\/figcaption><\/figure><\/div>","protected":false},"excerpt":{"rendered":"<p>P\u00e5 de h\u00e4r sidorna hittar du information om \u00e4mnesval, bed\u00f6mning, studentexamen, n\u00e4rvaro och fr\u00e5nvaroregler samt l\u00e4nkar till sidor med information om olika st\u00f6dfunktioner.<\/p>\n","protected":false},"author":1,"featured_media":3528,"parent":0,"menu_order":0,"comment_status":"closed","ping_status":"closed","template":"","meta":{"footnotes":""},"_links":{"self":[{"href":"https:\/\/info.edu.turku.fi\/katedral\/wp-json\/wp\/v2\/pages\/20"}],"collection":[{"href":"https:\/\/info.edu.turku.fi\/katedral\/wp-json\/wp\/v2\/pages"}],"about":[{"href":"https:\/\/info.edu.turku.fi\/katedral\/wp-json\/wp\/v2\/types\/page"}],"author":[{"embeddable":true,"href":"https:\/\/info.edu.turku.fi\/katedral\/wp-json\/wp\/v2\/users\/1"}],"replies":[{"embeddable":true,"href":"https:\/\/info.edu.turku.fi\/katedral\/wp-json\/wp\/v2\/comments?post=20"}],"version-history":[{"count":50,"href":"https:\/\/info.edu.turku.fi\/katedral\/wp-json\/wp\/v2\/pages\/20\/revisions"}],"predecessor-version":[{"id":4425,"href":"https:\/\/info.edu.turku.fi\/katedral\/wp-json\/wp\/v2\/pages\/20\/revisions\/4425"}],"wp:featuredmedia":[{"embeddable":true,"href":"https:\/\/info.edu.turku.fi\/katedral\/wp-json\/wp\/v2\/media\/3528"}],"wp:attachment":[{"href":"https:\/\/info.edu.turku.fi\/katedral\/wp-json\/wp\/v2\/media?parent=20"}],"curies":[{"name":"wp","href":"https:\/\/api.w.org\/{rel}","templated":true}]}}